22558 a multiple of 74?
True
Is 443489454 a multiple of 657?
True
Is 827272720 a multiple of 20?
True
Does 388 divide 83156936?
True
Does 2640 divide 525572959?
False
Is 216608395 a multiple of 7?
False
Does 2957 divide 512943983?
False
Is 95 a factor of 263815697?
False
Does 465 divide 26081050?
False
Is 65401564 a multiple of 2?
True
Is 503064840 a multiple of 120?
True
Is 1317715047 a multiple of 27?
True
Is 46854576 a multiple of 24?
True
Does 68 divide 875898208?
True
Is 65 a factor of 49011077?
False
Does 216 divide 88041816?
True
Is 138424 a multiple of 22?
True
Is 762 a factor of 18694146?
True
Is 1428 a factor of 359442739?
False
Is 1724865488 a multiple of 5?
False
Does 25 divide 117628266?
False
Is 409 a factor of 269726911?
True
Is 23 a factor of 133665001?
False
Is 45 a factor of 60282135?
True
Does 34 divide 4491801?
False
Is 2235093 a multiple of 8?
False
Is 64 a factor of 1428409728?
True
Is 27 a factor of 30054353?
False
Is 355 a factor of 1057067880?
True
Does 86 divide 8833205?
False
Does 295 divide 373761165?
True
Is 5 a factor of 535206295?
True
Is 356419 a multiple of 863?
True
Is 4660348048 a multiple of 1216?
False
Is 50 a factor of 131583600?
True
Is 177 a factor of 1020212247?
True
Is 1933746747 a multiple of 2992?
False
Is 855 a factor of 680192685?
True
Is 10 a factor of 103514060?
True
Is 73192667 a multiple of 110?
False
Is 54 a factor of 788972636?
False
Is 1939781049 a multiple of 877?
True
Does 30 divide 1005601373?
False
Is 25772544 a multiple of 4?
True
Is 8282066 a multiple of 17?
False
Is 1446 a factor of 8632250?
False
Is 37084580 a multiple of 494?
True
Is 100067898 a multiple of 749?
True
Does 14 divide 3823094?
False
Is 49 a factor of 3109540?
True
Is 4505886008 a multiple of 7972?
True
Does 52 divide 19450289?
False
Is 24641630 a multiple of 545?
True
Is 1591 a factor of 602004171?
True
Does 857 divide 87849132?
False
Is 65 a factor of 1160021401?
False
Is 556 a factor of 49531408?
False
Is 51015073 a multiple of 21?
False
Does 19 divide 64908008?
False
Is 98 a factor of 129598238?
True
Is 16 a factor of 105303346?
False
Is 3590112 a multiple of 12?
True
Does 5553 divide 1330492822?
False
Is 423 a factor of 17760865?
False
Does 2511 divide 42959712?
False
Is 256600240 a multiple of 80?
True
Is 15 a factor of 27671460?
True
Is 1195431640 a multiple of 2899?
True
Does 60 divide 3022813992?
False
Is 299116867 a multiple of 1138?
False
Does 30 divide 1021135148?
False
Does 8 divide 292900627?
False
Does 2136 divide 263111083?
False
Is 7130620 a multiple of 310?
True
Is 306200987 a multiple of 2744?
False
Is 246531957 a multiple of 129?
False
Is 30 a factor of 4427444340?
True
Is 70570916 a multiple of 2561?
True
Is 122 a factor of 2692581236?
True
Is 12 a factor of 90166873?
False
Is 2039 a factor of 267184908?
False
Is 29736988 a multiple of 6?
False
Is 743239539 a multiple of 21?
True
Is 121922379 a multiple of 207?
True
Is 2954 a factor of 444228428?
True
Is 189289968 a multiple of 119?
True
Does 37 divide 3425046266?
True
Does 13 divide 534024322?
True
Is 1832743324 a multiple of 148?
False
Is 2040934 a multiple of 187?
False
Is 41470548 a multiple of 339?
True
Does 2919 divide 19938511?
False
Is 23782874 a multiple of 101?
True
Is 224 a factor of 9915361?
False
Is 269 a factor of 10451457?
True
Is 82 a factor of 63104307?
False
Is 4294299 a multiple of 246?
False
Does 204 divide 1013268000?
True
Is 25 a factor of 3062215900?
True
Is 590 a factor of 66467040?
True
Is 3339375 a multiple of 975?
True
Is 5597 a factor of 264967577?
True
Is 3805 a factor of 1109556913?
False
Does 10 divide 320139986?
False
Is 1861 a factor of 239651623?
False
Does 12 divide 103668936?
True
Is 91130508 a multiple of 1134?
True
Does 573 divide 15576769?
False
Is 19366664 a multiple of 19?
False
Is 35480475 a multiple of 3?
True
Is 13 a factor of 276853689?
False
Is 21 a factor of 92701896?
True
Is 165 a factor of 2781348657?
False
Is 1220455362 a multiple of 5?
False
Is 5575 a factor of 7084498150?
True
Is 6971 a factor of 976614856?
False
Is 1357306053 a multiple of 20?
False
Is 577739615 a multiple of 20?
False
Is 11286895 a multiple of 365?
True
Does 118 divide 37195606?
True
Is 2408 a factor of 89319944?
True
Is 225 a factor of 795891561?
False
Does 10 divide 35991854?
False
Does 127 divide 1880569?
False
Does 270 divide 10209780?
True
Does 21 divide 27399834?
True
Does 379 divide 1768669?
False
Is 11384052 a multiple of 21?
False
Is 294605712 a multiple of 72?
True
Is 17321897 a multiple of 4?
False
Is 1656 a factor of 864017816?
False
Is 2 a factor of 1124450693?
False
Is 48236350 a multiple of 34?
False
Is 6353710 a multiple of 178?
True
Is 766055389 a multiple of 1993?
True
Is 6 a factor of 70040550?
True
Is 28616220 a multiple of 54?
True
Does 3 divide 762652?
False
Is 537828789 a multiple of 115?
False
Does 318 divide 3939326?
False
Does 238 divide 443893324?
True
Is 15 a factor of 2612724165?
True
Is 172823128 a multiple of 4?
True
Is 19 a factor of 7629868?
True
Is 26 a factor of 1688619426?
True
Is 443602732 a multiple of 18?
False
Does 99 divide 6376623723?
False
Does 95 divide 29120255?
True
Is 98450575 a multiple of 48?
False
Is 71 a factor of 25860685?
True
Is 873340155 a multiple of 3385?
True
Does 214 divide 66210115?
False
Is 39388659 a multiple of 123?
True
Is 42 a factor of 3063300870?
True
Does 910 divide 66049620?
True
Does 13 divide 12121068?
False
Does 7133 divide 1452749578?
True
Does 2996 divide 35925036?
True
Is 23336040 a multiple of 2184?
True
Is 4965264 a multiple of 48?
True
Is 133135731 a multiple of 279?
True
Does 42 divide 220922196?
False
Is 13 a factor of 1790925968?
True
Is 74 a factor of 253983540?
True
Does 67 divide 709716595?
True
Does 51 divide 24388567?
False
Does 1452 divide 2784936?
True
Is 186280008 a multiple of 24?
True
Does 51 divide 644816868?
True
Is 29362831 a multiple of 1493?
True
Is 197 a factor of 2254394322?
True
Is 19 a factor of 562729773?
False
Does 5 divide 77938536?
False
Is 19051760 a multiple of 80?
True
Is 11 a factor of 306377997?
False
Does 2173 divide 2139716159?
True
Does 8 divide 618213182?
False
Does 86 divide 10517685?
False
Does 361 divide 178273340?
False
Is 673 a factor of 8246894?
False
Is 4482 a factor of 3947759046?
True
Does 3939 divide 170525379?
False
Is 1027 a factor of 34907408?
False
Is 8112063 a multiple of 29?
False
Does 44 divide 206852844?
True
Is 240 a factor of 26455200?
True
Is 943 a factor of 3032751912?
False
Is 444 a factor of 12681203?
False
Is 199927720 a multiple of 40?
True
Is 86 a factor of 807820253?
False
Is 635 a factor of 905963629?
False
Is 43 a factor of 23620459?
True
Does 4 divide 60838671?
False
Is 206 a factor of 449183145?
False
Does 108 divide 1101947324?
False
Is 21 a factor of 2007524?
False
Is 345 a factor of 14188621?
False
Does 105 divide 5660076?
False
Does 68 divide 88955560?
True
Is 175 a factor of 51099918?
False
Does 450 divide 1065881250?
True
Is 2038619305 a multiple of 701?
False
Is 134430527 a multiple of 77?
True
Is 304721427 a multiple of 2394?
False
Does 12 divide 92139110?
False
Is 36 a factor of 15651204?
False
Is 95513475 a multiple of 3455?
True
Is 318 a factor of 27651578?
False
Is 815124648 a multiple of 1861?
False
Is 348377483 a multiple of 19?
True
Does 1394 divide 8418395?
False
Does 24 divide 284559556?
False
Is 75061395 a multiple of 1166?
False
Does 15 divide 1963243136?
False
Is 465 a factor of 281219640?
False
Does 16 divide 31684818?
False
Is 43 a factor of 141552805?
False
Does 188 divide 601857748?
True
Does 6 divide 50626968?
True
Is 79458470 a multiple of 25?
False
Is 1491 a factor of 47406345?
True
Is 179 a factor of 2837182992?
False
Does 4 divide 255260746?
False
Does 34 divide 74074134?
True
Does 29 divide 2252163044?
False
Is 15 a factor of 5510870261?
False
Is 977 a factor of 1250944938?
True
Is 73 a factor of 21637555?
False
Is 56259057 a multiple of 71?
False
Is 2993 a factor of 101962531?
True
Is 138078622 a multiple of 122?
False
Is 528 a factor of 117842208?
True
Is 4126086 a multiple of 4?
False
Is 43 a factor of 891631415?
False
Is 58733441 a multiple of 119?
False
Is 108365644 a multiple of 226?
True
Is 94626042 a multiple of 1106?
True
Is 24 a factor of 1032